12?
10
Let a(v) = v**3 - 3*v**2 + 1. Let c be a(2). Let f(y) = -y + 3. Let d be f(c). Let b = 7 + d. Calculate the remainder when 37 is divided by b.
11
Let j = 34 + 71. Let o(g) = -g**3 + g**2 + g + 4. Let a be o(0). Suppose -t + j = a*t. What is the remainder when 61 is divided by t?
19
Let o = 90 - 73. What is the remainder when 58 is divided by o?
7
Suppose 0 = -2*k + 25 + 89. Calculate the remainder when k is divided by 15.
12
Let g(b) be the second derivative of b**3/6 + 7*b**2/2 - b. Suppose -2*q + 0 = 3*u - 5, 0 = u + 5*q + 7. Calculate the remainder when u is divided by g(-5).
1
Suppose 2*g = 4*g - 28. Calculate the remainder when 40 is divided by g.
12
Let f(c) = c**2 - 11*c + 9. Let l be f(9). What is the remainder when 82 is divided by ((-17)/3)/(3/l)?
14
Suppose -u = -3 - 15. Let f = 21 - u. Calculate the remainder when 9 is divided by f.
0
Suppose -5*d + d = 2*z + 46, -3*z + 3 = 0. What is the remainder when (-3)/d - (-134)/8 is divided by 9?
8
Let g = 56 + 94. What is the remainder when g is divided by 38?
36
Let a(z) = -z**3 - 11*z**2 - 14*z - 22. What is the remainder when 29 is divided by a(-10)?
11
Let b(t) = t**3 + 5*t**2 - 11*t - 14. What is the remainder when 76 is divided by b(-6)?
12
Suppose 0*n + 82 = 3*v - n, v - 2*n = 34. Calculate the remainder when ((-21)/63)/(448/450 + -1) is divided by v.
23
Suppose 37 = 4*n - 7. Let o(y) = y**2 - 10*y + 1. What is the remainder when 34 is divided by o(n)?
10
Let c(f) = -3*f - 6. What is the remainder when -1 + 5 - (3 + (-108)/4) is divided by c(-7)?
13
Suppose 4*p = -3*b + 46, 5*b - 6*b - 6 = -4*p. Let u = -23 + 61. Calculate the remainder when u is divided by b.
8
Suppose 2*p - 55 = 9. What is the remainder when p is divided by 11?
10
Let f be -1*(-2)/(-6)*-9. Suppose f*g + 4*h = 4, -7*h + 3*h + 4 = 4*g. Calculate the remainder when (1 - 2 - -5) + g is divided by 2.
0
Suppose 4*v + 22 = 66. Let m(t) = t - 8. Let q be m(v). Suppose -3*y + 75 = -3*s, 0*y + q*y - 4*s = 80. What is the remainder when y is divided by 11?
9
Let h be 36/27*(-198)/(-4). Suppose 0 = 5*a - 2*a - h. Calculate the remainder when a is divided by -14*(-2 - 16/(-14)).
10
Let x(r) = r**3 + 6*r**2 - 8*r - 5. Calculate the remainder when x(-6) is divided by 23.
20
What is the remainder when 25 is divided by -4*1*6*(-12)/18?
9
Suppose 4*i - 3 = -7. What is the remainder when (i + 20)*(-5)/(-5) is divided by 10?
9
Let n = -1 - -2. Let m = n + 5. Let j(u) = 10*u**2 + 2*u - 1. What is the remainder when j(1) is divided by m?
5
Suppose -2*k + 18 = -5*k. Let w = 5 - k. What is the remainder when w is divided by 4?
3
Let g = 15 - 60. Let p = -20 - g. Calculate the remainder when p is divided by 13.
12
Calculate the remainder when 41 is divided by 1*17 - (-9 + 12).
13
Suppose -4 = 5*q - 6*q. Suppose 0 = -q*r + 5*r - 1. Suppose -z + 5 = c, c = 3*c + 5*z - 19. Calculate the remainder when c is divided by r.
0
Suppose -3*g + 21 = 3*k, 46 = 3*k + g - 3*g. Let q(f) = 14*f + 5. Calculate the remainder when q(3) is divided by k.
11
Let h = -2 + 4. Suppose 0 = -h*j + 4*j - 4. Let v(i) = -3*i**3 + i**2 + i. What is the remainder when v(-1) is divided by j?
1
Let y(t) = -24*t**3 - t**2 + t + 1. Let u = -213 + 303. Calculate the remainder when u is divided by y(-1).
21
Suppose 0 = 2*b - 0*f + f - 6, 2*f - 14 = -5*b. Let i = 0 + -3. What is the remainder when (b - -4) + i + 39 is divided by 15?
12
Suppose -6*k = -0*k - 18. What is the remainder when 3 is divided by k?
0
Let t(s) be the second derivative of 83*s**3/3 - s**2 + s. Let w be t(-3). Calculate the remainder when (-4)/(-18) - w/18 is divided by 10.
8
Suppose -5*a = -5, 5 = -4*v + 5*v - a. Let d = v - -2. Calculate the remainder when 14 is divided by d.
6
Let a(v) = 8*v**2 + 10*v + 3. What is the remainder when a(-4) is divided by 31?
29
What is the remainder when ((-8)/6)/(-4) - (-87)/9 is divided by 3?
1
Suppose -3*x + 19 - 4 = 0. Suppose z = -x*s + 4, 0 = -5*z + 6*s - 3*s + 104. Calculate the remainder when 54 is divided by z.
16
Suppose 3*s + 3*s - 276 = 0. What is the remainder when s is divided by 16?
14
Suppose 22 = i - 2*t, 5*i - 4*t = 47 + 81. What is the remainder when i is divided by 10?
8
Let g(b) = -b**3 - 6*b**2 + 4. Let y be g(-6). Suppose 2*h + 24 = -5*q + 7, -1 = -3*q - y*h. Let w = -1 - q. Calculate the remainder when 6 is divided by w.
2
Suppose 0 = -5*n + 21 + 59. Suppose -5*x - 1 = -n. Calculate the remainder when 11 is divided by x.
2
Let i be -1 - (2 + 0) - -2. Suppose -4*k + 44 = -0*u + 2*u, k - 3*u = 11. Let t = k - i. Calculate the remainder when 35 is divided by t.
11
What is the remainder when 92 is divided by ((-31)/(-3))/((-5)/(-15))?
30
Let y(v) = v + 31. What is the remainder when y(0) is divided by 11 - ((4 - 4) + 0)?
9
Suppose k = -c + 43, 3*c - 42 - 62 = 2*k. Let g be ((-88)/24)/(2/(-18)). Let a = -20 + g. What is the remainder when c is divided by a?
12
Suppose -4*a + 38 = -2*a. Calculate the remainder when 51 is divided by a.
13
Let r(s) = 4*s**2 + 4*s + 2. What is the remainder when r(-4) is divided by 14?
8
Let h(z) = -2*z + 3 - 2 + 3*z + 2. Calculate the remainder when 8 is divided by h(0).
2
Suppose 71*h - 435 = 66*h. What is the remainder when h is divided by 18?
15
Let c(h) = -h**3 - 3*h**2 - 3. Suppose -o + 5*o = 0. Suppose o = -w - w + 74. Calculate the remainder when w is divided by c(-4).
11
Let x(y) = -6*y + 3. Let g be x(2). Let s = g - -15. What is the remainder when 16 is divided by s?
4
Suppose 3*m - 22 = 41. Let v = m + -4. What is the remainder when 67 is divided by v?
16
Suppose 0 = -2*r - 2*r + 116. Suppose 2*m - 40 = -2*m - 5*x, r = 5*m + x. Let b(p) = -p**2 + 7*p. What is the remainder when 18 is divided by b(m)?
8
What is the remainder when 56 + -2 - (-1 - 2) is divided by 15?
12
Suppose -35 = 2*b + 7. Let j = 40 + b. Suppose k - 33 = -m, 2*m - 7*m + 2*k + 186 = 0. What is the remainder when m is divided by j?
17
Let p be 9/6*(-68)/(-6). Let d = p + 0. Calculate the remainder when d is divided by 80/14 - 14/(-49).
5
Let z(n) = n**2 + n - 6. Suppose 3*t + 168 = 7*t. Let g = t + -15. What is the remainder when g is divided by z(-5)?
13
Suppose -51 = -t - 0. Suppose 4*u + 8*j - t = 5*j, 0 = 3*u - 3*j - 12. Let p(n) = -n**3 + 5*n**2 + 7*n - 1. Calculate the remainder when u is divided by p(6).
4
Suppose 0*g = g. Let i = 2 - g. What is the remainder when ((-3)/(-3))/(2/8) is divided by i?
0
Let k be 20 - (20/(-4) + 1). Let u = -20 + k. Calculate the remainder when 7 is divided by u.
3
Let w(y) = -y**2 - 11*y - 9. Let f = -10 + 3. What is the remainder when w(f) is divided by 5?
4
Let j be ((-6)/5)/(12/40). Let h = -2 - j. Let l = 7 - h. Calculate the remainder when l is divided by 3.
2
Let z(h) = h**2 - 2*h - 2. Let x(n) = 20*n - 4. Calculate the remainder when x(2) is divided by z(5).
10
Let k = -32 + 84. Suppose 4*y + 0*y - k = 0. Suppose -114 = a - 4*a. What is the remainder when a is divided by y?
12
Suppose 5*q = 3*t + 209, -5*q - 4*t + 194 = -2*t. Calculate the remainder when q is divided by 7.
5
Calculate the remainder when 25 is divided by (-1 + -1 - -11)/1.
7
Let w(p) = p**3 + 5*p**2 - 7*p + 7. Let q(u) = -u**3 - 2*u**2 + u. Let f be q(-2). Calculate the remainder when w(-6) is divided by (2 + 5)/(3 + f).
6
Suppose -2*h - 26 = -2*m, -4*m - 2*h + 67 = -3*h. Suppose 0 = 5*k + r + 620, -k - 265 = k - 3*r. Let c = k + 178. What is the remainder when c is divided by m?
17
Let o be 3/6*-3*8. What is the remainder when 23 is divided by (-18)/o + (-42)/(-4)?
11
Let f = -15 - -37. Let v = -12 + f. What is the remainder when 39 is divided by v?
9
Suppose 4*w - 4*n = -71 + 219, -113 = -3*w + 5*n. Calculate the remainder when w is divided by 14.
8
Let j = 21 + -14. Calculate the remainder when j is divided by (-2)/10 - (-66)/30.
1
Let b(u) = u**3 + 7*u**2 - 4*u - 2. Suppose 0*n - 8 = 3*n - 2*g, -2*n + g = 7. Calculate the remainder when b(n) is divided by (1 - 2) + (2 - -19).
18
Suppose 3*s = 2*k - k - 9, 0 = -3*k - 2*s + 5. What is the remainder when 4 is divided by k?
1
Let f(g) = -g**2 - 7*g - 6. Let a be f(-8). What is the remainder when 4*5 + 1*-1 is divided by (1*a)/(-1) - 3?
8
Let w(j) = -68*j - 2. Calculate the remainder when w(-1) is divided by 23.
20
Let u = -4 + 3. Let t(c) = c**2 + 16*c - 22. Let x be t(-17